 is the remainder when 15821 is divided by 138?
89
What is the remainder when 405 is divided by 7?
6
What is the remainder when 11966 is divided by 521?
504
Calculate the remainder when 2515 is divided by 1122.
271
Calculate the remainder when 1711 is divided by 436.
403
What is the remainder when 20206 is divided by 4041?
1
What is the remainder when 55271 is divided by 2122?
99
What is the remainder when 87193 is divided by 91?
15
Calculate the remainder when 1692 is divided by 102.
60
Calculate the remainder when 636 is divided by 78.
12
Calculate the remainder when 32581 is divided by 4072.
5
Calculate the remainder when 121060 is divided by 350.
310
What is the remainder when 601022 is divided by 252?
2
What is the remainder when 9429 is divided by 22?
13
What is the remainder when 142678 is divided by 119?
116
What is the remainder when 2705 is divided by 41?
40
Calculate the remainder when 25742 is divided by 1220.
122
What is the remainder when 5457 is divided by 1086?
27
Calculate the remainder when 227610 is divided by 458.
442
What is the remainder when 19135 is divided by 11?
6
What is the remainder when 7722 is divided by 1920?
42
What is the remainder when 16506 is divided by 97?
16
What is the remainder when 34034 is divided by 508?
506
What is the remainder when 9684 is divided by 1527?
522
What is the remainder when 7522 is divided by 31?
20
Calculate the remainder when 3047 is divided by 3035.
12
What is the remainder when 10961 is divided by 34?
13
What is the remainder when 20396 is divided by 319?
299
Calculate the remainder when 25559 is divided by 136.
127
What is the remainder when 857957 is divided by 1679?
1667
What is the remainder when 232 is divided by 1?
0
Calculate the remainder when 24825 is divided by 31.
25
Calculate the remainder when 49793 is divided by 86.
85
What is the remainder when 891 is divided by 147?
9
What is the remainder when 2893058 is divided by 1446524?
10
Calculate the remainder when 4029 is divided by 806.
805
Calculate the remainder when 2733546 is divided by 39.
36
Calculate the remainder when 5534 is divided by 22.
12
Calculate the remainder when 13338 is divided by 880.
138
What is the remainder when 5751 is divided by 579?
540
What is the remainder when 11560 is divided by 637?
94
Calculate the remainder when 2241 is divided by 151.
127
What is the remainder when 5488 is divided by 632?
432
What is the remainder when 5029 is divided by 17?
14
What is the remainder when 2189 is divided by 1409?
780
What is the remainder when 823214 is divided by 22249?
1
What is the remainder when 118263 is divided by 475?
463
What is the remainder when 29638 is divided by 512?
454
Calculate the remainder when 323046 is divided by 17946.
18
Calculate the remainder when 126502 is divided by 63240.
22
What is the remainder when 27381 is divided by 474?
363
What is the remainder when 18022 is divided by 5949?
175
What is the remainder when 17734 is divided by 8851?
32
What is the remainder when 305911 is divided by 230?
11
What is the remainder when 137093 is divided by 137069?
24
What is the remainder when 1768 is divided by 129?
91
What is the remainder when 3575 is divided by 528?
407
Calculate the remainder when 34578 is divided by 17188.
202
What is the remainder when 15574 is divided by 971?
38
What is the remainder when 82781 is divided by 3311?
6
Calculate the remainder when 614 is divided by 291.
32
Calculate the remainder when 349410 is divided by 270.
30
Calculate the remainder when 12069 is divided by 44.
13
Calculate the remainder when 6165 is divided by 1869.
558
What is the remainder when 124823 is divided by 6240?
23
What is the remainder when 8129 is divided by 304?
225
What is the remainder when 348344 is divided by 26?
22
What is the remainder when 8850 is divided by 385?
380
Calculate the remainder when 72051 is divided by 414.
15
What is the remainder when 63621 is divided by 1078?
19
What is the remainder when 4144 is divided by 3990?
154
Calculate the remainder when 22021 is divided by 22012.
9
What is the remainder when 5607 is divided by 666?
279
Calculate the remainder when 207097 is divided by 51769.
21
What is the remainder when 41516 is divided by 7?
6
What is the remainder when 9873 is divided by 559?
370
Calculate the remainder when 4271 is divided by 2109.
53
Calculate the remainder when 2944 is divided by 210.
4
What is the remainder when 23375 is divided by 7786?
17
What is the remainder when 102885 is divided by 11431?
6
What is the remainder when 367223 is divided by 1407?
1403
Calculate the remainder when 7243 is divided by 603.
7
What is the remainder when 139371 is divided by 71?
69
What is the remainder when 259886 is divided by 148?
146
Calculate the remainder when 5401 is divided by 14.
11
What is the remainder when 9569 is divided by 114?
107
What is the remainder when 81461 is divided by 40714?
33
Calculate the remainder when 5734 is divided by 1324.
438
What is the remainder when 2456 is divided by 937?
582
Calculate the remainder when 10623 is divided by 10442.
181
What is the remainder when 6795 is divided by 567?
558
Calculate the remainder when 1735 is divided by 15.
10
Calculate the remainder when 96988 is divided by 133.
31
What is the remainder when 19259 is divided by 6315?
314
What is the remainder when 32514 is divided by 10837?
3
What is the remainder when 1018 is divided by 608?
410
What is the remainder when 8366077 is divided by 38?
35
Calculate the remainder when 5780 is divided by 269.
131
Calculate the remainder when 9796 is divided by 46.
44
What is the remainder when 80313 is divided by 92?
89
What is the remainder when 27438 is divided by 2411?
917
Calculate the remainder when 473263 is divided by 117.
115
Calculate the remainder when 85169 is divided by 89.
85
What is the remainder when 239839 is divided by 10900?
39
What is the remainder when 711 is divided by 564?
147
Calculate the remainder when 23107 is divided by 170.
157
What is the remainder when 34703 is divided by 72?
71
Calculate the remainder when 244247 is divided by 16.
7
What is the remainder when 42783 is divided by 176?
15
What is the remainder when 1478 is divided by 112?
22
What is the remainder when 59761 is divided by 29866?
29
What is the remainder when 71133 is divided by 23?
17
What is the remainder when 6445 is divided by 500?
445
Calculate the remainder when 147749 is divided by 18468.
5
What is the remainder when 5007 is divided by 386?
375
What is the remainder when 101060 is divided by 163?
0
Calculate the remainder when 2636 is divided by 1112.
412
Calculate the remainder when 12143 is divided by 2428.
3
Calculate the remainder when 487911 is divided by 28700.
11
Calculate the remainder when 94872 is divided by 5580.
12
Calculate the remainder when 16782 is divided by 271.
251
What is the remainder when 4948 is divided by 706?
6
Calculate the remainder when 36970 is divided by 5245.
255
Calculate the remainder when 3680 is divided by 477.
341
What is the remainder when 4642 is divided by 1397?
451
Calculate the remainder when 13004 is divided by 7.
5
Calculate the remainder when 12049 is divided by 860.
9
What is the remainder when 818 is divided by 428?
390
Calculate the remainder when 26265 is divided by 691.
7
What is the remainder when 52328 is divided by 4?
0
Calculate the remainder when 12182 is divided by 481.
157
Calculate the remainder when 41659 is divided by 131.
1
Calculate the remainder when 24315 is divided by 117.
96
Calculate the remainder when 17068 is divided by 657.
643
Calculate the remainder when 53760 is divided by 215.
10
What is the remainder when 3414996 is divided by 200?
196
What is the remainder when 2375 is divided by 677?
344
What is the remainder when 2667 is divided by 30?
27
Calculate the remainder when 69298 is divided by 36.
34
Calculate the remainder when 39641 is divided by 9.
5
What is the remainder when 4726 is divided by 673?
15
What is the remainder when 10122 is divided by 10101?
21
What is the remainder when 7957 is divided by 3941?
75
Calculate the remainder when 27978 is divided by 4662.
6
Calculate the remainder when 1387 is divided by 417.
136
What is the remainder when 831 is divided by 70?
61
Calculate the rema